{"id":2297,"date":"2014-07-21T14:46:58","date_gmt":"2014-07-21T14:46:58","guid":{"rendered":"http:\/\/eco-nature.cmsmasters.net\/?page_id=2297"},"modified":"2025-03-19T10:21:18","modified_gmt":"2025-03-19T10:21:18","slug":"bugetul","status":"publish","type":"page","link":"https:\/\/csrezina.md\/index.php\/transparenta\/bugetul\/","title":{"rendered":"Bugetul institu\u021biei"},"content":{"rendered":"<style type=\"text\/css\"> \n#cmsms_row_69e2eedfeb5b9 .cmsms_row_outer_parent { \n\tpadding-top: 50px; \n} \n\n#cmsms_row_69e2eedfeb5b9 .cmsms_row_outer_parent { \n\tpadding-bottom: 0px; \n} \n\n \n#cmsms_row_69e2eedfeb6b3 { \n\tbackground-color: #ffffff; \n} \n\n#cmsms_row_69e2eedfeb6b3 .cmsms_row_outer_parent { \n\tpadding-top: 0px; \n} \n\n#cmsms_row_69e2eedfeb6b3 .cmsms_row_outer_parent { \n\tpadding-bottom: 60px; \n} \n\n \n#cmsms_tabs_list_item_69e2eedfebd5a a:hover,#cmsms_tabs_list_item_69e2eedfebd5a.current_tab a { \n\tbackground-color:#57cbe1; \n\tborder-color:#57cbe1; \n} \n\n#cmsms_tabs_list_item_69e2eedfebde1 a:hover,#cmsms_tabs_list_item_69e2eedfebde1.current_tab a { \n\tbackground-color:#1cccc0; \n\tborder-color:#1cccc0; \n} \n\n#cmsms_tabs_list_item_69e2eedfebeb1 a:hover,#cmsms_tabs_list_item_69e2eedfebeb1.current_tab a { \n\tbackground-color:#7fe092; \n\tborder-color:#7fe092; \n} \n \n#cmsms_row_69e2eedfec02a { \n\tbackground-image: url(https:\/\/csrezina.md\/wp-content\/uploads\/2014\/07\/bg-prlx-big-2.jpg); \n\tbackground-position: top center; \n\tbackground-repeat: repeat-y; \n\tbackground-attachment: scroll; \n\tbackground-size: cover; \n} \n\n#cmsms_row_69e2eedfec02a .cmsms_row_outer_parent { \n\tpadding-top: 40px; \n} \n\n#cmsms_row_69e2eedfec02a .cmsms_row_outer_parent { \n\tpadding-bottom: 20px; \n} \n\n<\/style><div id=\"cmsms_row_69e2eedfeb5b9\" class=\"cmsms_row cmsms_color_scheme_default\">\n<div class=\"cmsms_row_outer_parent\">\n<div class=\"cmsms_row_outer\">\n<div class=\"cmsms_row_inner\">\n<div class=\"cmsms_row_margin\">\n<div class=\"cmsms_column one_first\">\n<\/div>\n<\/div>\n<\/div>\n<\/div>\n<\/div>\n<\/div>\n<div id=\"cmsms_row_69e2eedfeb6b3\" class=\"cmsms_row cmsms_color_scheme_default\">\n<div class=\"cmsms_row_outer_parent\">\n<div class=\"cmsms_row_outer\">\n<div class=\"cmsms_row_inner\">\n<div class=\"cmsms_row_margin\">\n<div class=\"cmsms_column one_first\">\n \n<div class=\"cmsms_tabs tabs_mode_tab\">\n<ul class=\"cmsms_tabs_list\">\n<li id=\"cmsms_tabs_list_item_69e2eedfebc9b\" class=\"cmsms_tabs_list_item current_tab\">\n<a href=\"#\" class=\"cmsms-icon-money-2\">\n<span>2025<\/span>\n<\/a>\n<\/li><li id=\"cmsms_tabs_list_item_69e2eedfebd5a\" class=\"cmsms_tabs_list_item\">\n<a href=\"#\" class=\"cmsms-icon-money-2\">\n<span>2024<\/span>\n<\/a>\n<\/li><li id=\"cmsms_tabs_list_item_69e2eedfebde1\" class=\"cmsms_tabs_list_item\">\n<a href=\"#\" class=\"cmsms-icon-money-2\">\n<span>2023<\/span>\n<\/a>\n<\/li><li id=\"cmsms_tabs_list_item_69e2eedfebeb1\" class=\"cmsms_tabs_list_item\">\n<a href=\"#\" class=\"cmsms-icon-money-2\">\n<span>2022<\/span>\n<\/a>\n<\/li><\/ul>\n<div class=\"cmsms_tabs_wrap\">\n<div id=\"cmsms_tab_69e2eedfebc9b\" class=\"cmsms_tab active_tab\">\n<div class=\"cmsms_tab_inner\">\n<h2><strong><em>Contract de acordare a asisten\u021bei medicale (de prestare a serviciilor medicale) \u00een cadrul asigur\u0103rii obligatorii de asisten\u021b\u0103 medical\u0103 nr. 05-08\/199 din 31.12.2024<\/em><\/strong><\/h2>\n<ul>\n<li><a href=\"https:\/\/csrezina.md\/wp-content\/uploads\/2025\/03\/Contract-de-acordare-a-asistentei-medicale352_compressed.pdf\" target=\"_blank\" rel=\"noopener\">Contract CNAM 2025<\/a><\/li>\n<\/ul>\n<h2><strong><em>ACORD ADI\u021aIONAL la contractul de acordare a asisten\u021bei medicale (de prestare a serviciilor medicale) \u00een cadrul asigur\u0103rii obligatorii de asisten\u021b\u0103 medical\u0103 nr. 05-08\/199 din 29.12.2023<\/em><\/strong><\/h2>\n<ul>\n<li><a href=\"https:\/\/csrezina.md\/wp-content\/uploads\/2025\/03\/ACORD-ADITIONAL-NR.-1357.pdf\" target=\"_blank\" rel=\"noopener\">ACORD ADI\u021aIONAL NR. 1<\/a><\/li>\n<li><a href=\"https:\/\/csrezina.md\/wp-content\/uploads\/2025\/03\/ACORD-ADITIONAL-NR.-2356.pdf\" target=\"_blank\" rel=\"noopener\">ACORD ADI\u021aIONAL NR. 2<\/a><\/li>\n<li><a href=\"https:\/\/csrezina.md\/wp-content\/uploads\/2025\/03\/ACORD-ADITIONAL-NR.-3355.pdf\" target=\"_blank\" rel=\"noopener\">ACORD ADI\u021aIONAL NR. 3<\/a><\/li>\n<li><a href=\"https:\/\/csrezina.md\/wp-content\/uploads\/2025\/03\/ACORD-ADITIONAL-NR.-4354.pdf\" target=\"_blank\" rel=\"noopener\">ACORD ADI\u021aIONAL NR. 4<\/a><\/li>\n<li><a href=\"https:\/\/csrezina.md\/wp-content\/uploads\/2025\/03\/ACORD-ADITIONAL-NR.-5353.pdf\" target=\"_blank\" rel=\"noopener\">ACORD ADI\u021aIONAL NR. 5<\/a><\/li>\n<\/ul>\n<\/div>\n<\/div><div id=\"cmsms_tab_69e2eedfebd5a\" class=\"cmsms_tab\">\n<div class=\"cmsms_tab_inner\">\n<h2><strong><em>Contract de acordare a sisten\u021bei medicale (de prestare a serviciilor medicale) \u00een cadrul asigur\u0103rii obligatorii de asisten\u021b\u0103 medical\u0103 nr. 05-08\/199 din 29.12.2023<\/em><\/strong><\/h2>\n<ul>\n<li><strong><a href=\"https:\/\/csrezina.md\/wp-content\/uploads\/2024\/02\/Contract-CNAM-2024.pdf\" target=\"_blank\" rel=\"noopener\">Contract CNAM 2024<\/a><\/strong><\/li>\n<\/ul>\n<\/div>\n<\/div><div id=\"cmsms_tab_69e2eedfebde1\" class=\"cmsms_tab\">\n<div class=\"cmsms_tab_inner\">\n<h2><strong><em>Contract de acordare a sisten\u021bei medicale (de prestare a serviciilor medicale) \u00een cadrul asigur\u0103rii obligatorii de asisten\u021b\u0103 medical\u0103 nr. 05-08\/199 din 30.12.2022<\/em><\/strong><\/h2>\n<ul>\n<li><strong><a href=\"https:\/\/csrezina.md\/wp-content\/uploads\/2024\/02\/Contract-CNAM-2023.pdf\" target=\"_blank\" rel=\"noopener\">Contract CNAM 2023<\/a><\/strong><\/li>\n<\/ul>\n<h2><strong><em>Darea de seam\u0103 despre \u00eendeplinirea devizului de venituri \u0219i cheltuieli (business-plan) al institu\u021biei medico-sanitare din mijloacele fondurilor obligatorii de asisten\u021b\u0103 medical\u0103 la 01.10.2023<\/em><\/strong><\/h2>\n<ul>\n<li><strong><a href=\"https:\/\/csrezina.md\/wp-content\/uploads\/2024\/02\/Darea-de-seama-2023-1.pdf\" target=\"_blank\" rel=\"noopener\">Darea de seama 2023 (1)<\/a><\/strong><\/li>\n<li><strong><a href=\"https:\/\/csrezina.md\/wp-content\/uploads\/2024\/02\/Darea-de-seama-2023-2.pdf\" target=\"_blank\" rel=\"noopener\">Darea de seama 2023 (2)<\/a><\/strong><\/li>\n<\/ul>\n<h2><strong><em>ACORD ADI\u021aIONAL la contractul de acordare a asisten\u021bei medicale (de prestare a serviciilor medicale) \u00een cadrul asigur\u0103rii obligatorii de asisten\u021b\u0103 medical\u0103 nr. 05-08\/199 din 30.12.2022<\/em><\/strong><\/h2>\n<ul>\n<li><strong><a href=\"https:\/\/csrezina.md\/wp-content\/uploads\/2024\/02\/Acord-aditional-NR.-1.pdf\" target=\"_blank\" rel=\"noopener\">Acord adi\u021bional NR. 1<\/a><\/strong><\/li>\n<li><strong><a href=\"https:\/\/csrezina.md\/wp-content\/uploads\/2024\/02\/Acord-aditional-NR.-2.pdf\" target=\"_blank\" rel=\"noopener\">Acord adi\u021bional NR. 2<\/a><\/strong><\/li>\n<li><strong><a href=\"https:\/\/csrezina.md\/wp-content\/uploads\/2024\/02\/Acord-aditional-NR.-3.pdf\" target=\"_blank\" rel=\"noopener\">Acord adi\u021bional NR. 3<\/a><\/strong><\/li>\n<li><strong><a href=\"https:\/\/csrezina.md\/wp-content\/uploads\/2024\/02\/Acord-aditional-NR.-4.pdf\" target=\"_blank\" rel=\"noopener\">Acord adi\u021bional NR. 4<\/a><\/strong><\/li>\n<li><strong><a href=\"https:\/\/csrezina.md\/wp-content\/uploads\/2024\/02\/Acord-aditional-NR.-5.pdf\" target=\"_blank\" rel=\"noopener\">Acord adi\u021bional NR. 5<\/a><\/strong><\/li>\n<\/ul>\n<\/div>\n<\/div><div id=\"cmsms_tab_69e2eedfebeb1\" class=\"cmsms_tab\">\n<div class=\"cmsms_tab_inner\">\n<h2><strong><em>Contract de acordare a sisten\u021bei medicale (de prestare a serviciilor medicale) \u00een cadrul asigur\u0103rii obligatorii de asisten\u021b\u0103 medical\u0103 nr. 05-08\/199 din 31.12.2021<\/em><\/strong><\/h2>\n<ul>\n<li><strong><a href=\"https:\/\/csrezina.md\/wp-content\/uploads\/2024\/02\/Contract-CNAM-2022.pdf\" target=\"_blank\" rel=\"noopener\">Contract CNAM 2022<\/a><\/strong><\/li>\n<\/ul>\n<h2><strong><em>Contract privind eliberarea medicamentelor \u0219i\/sau dispozitivelor medicale compensate din fondurile asigur\u0103rii obligatorii de asisten\u021b\u0103 medical\u0103<\/em><\/strong><\/h2>\n<ul>\n<li><a href=\"https:\/\/csrezina.md\/wp-content\/uploads\/2024\/02\/CONTRACT.pdf\" target=\"_blank\" rel=\"noopener\">CONTRACT<\/a><\/li>\n<\/ul>\n<h2><strong><em>Darea de seam\u0103 despre \u00eendeplinirea devizului de venituri \u0219i cheltuieli (business-plan) al institu\u021biei medico-sanitare din mijloacele fondurilor obligatorii de asisten\u021b\u0103 medical\u0103 la 01.01.2023<\/em><\/strong><\/h2>\n<ul>\n<li><a href=\"https:\/\/csrezina.md\/wp-content\/uploads\/2024\/02\/Darea-de-seama-2022-1.pdf\" target=\"_blank\" rel=\"noopener\">Darea de seama 2022 (1)<\/a><\/li>\n<li><a href=\"https:\/\/csrezina.md\/wp-content\/uploads\/2024\/02\/Darea-de-seama-2022-2.pdf\" target=\"_blank\" rel=\"noopener\">Darea de seama 2022 (2)<\/a><\/li>\n<\/ul>\n<h2><strong><em>ACORD ADI\u021aIONAL la contractul de acordare a asisten\u021bei medicale (de prestare a serviciilor medicale) \u00een cadrul asigur\u0103rii obligatorii de asisten\u021b\u0103 medical\u0103 nr. 05-08\/199 din 31.12.2021<\/em><\/strong><\/h2>\n<ul>\n<li><a href=\"https:\/\/csrezina.md\/wp-content\/uploads\/2024\/02\/Acord-aditional-NR.-1-1.pdf\" target=\"_blank\" rel=\"noopener\">Acord adi\u021bional NR. 1<\/a><\/li>\n<li><a href=\"https:\/\/csrezina.md\/wp-content\/uploads\/2024\/02\/Acord-aditional-NR.-2-1.pdf\" target=\"_blank\" rel=\"noopener\">Acord adi\u021bional NR. 2<\/a><\/li>\n<li><a href=\"https:\/\/csrezina.md\/wp-content\/uploads\/2024\/02\/Acord-aditional-NR.-3-1.pdf\" target=\"_blank\" rel=\"noopener\">Acord adi\u021bional NR. 3<\/a><\/li>\n<li><a href=\"https:\/\/csrezina.md\/wp-content\/uploads\/2024\/02\/Acord-aditional-NR.-4-1.pdf\" target=\"_blank\" rel=\"noopener\">Acord adi\u021bional NR. 4<\/a><\/li>\n<\/ul>\n<\/div>\n<\/div><\/div>\n<\/div>\n<\/div>\n<\/div>\n<\/div>\n<\/div>\n<\/div>\n<\/div>\n<div id=\"cmsms_row_69e2eedfec02a\" class=\"cmsms_row cmsms_color_scheme_first\" data-stellar-background-ratio=\"0.5\">\n<div class=\"cmsms_row_outer_parent\">\n<div class=\"cmsms_row_outer\">\n<div class=\"cmsms_row_inner\">\n<div class=\"cmsms_row_margin\">\n<div class=\"cmsms_column one_first\">\n<div class=\"cmsms_sidebar sidebar_layout_14141414\"><aside id=\"text-9\" class=\"widget widget_text\"><h3 class=\"widgettitle\">Program de lucru:<\/h3>\t\t\t<div class=\"textwidget\"><ul>\n<li><a href=\"#\">Luni - Vineri: 08:00 - 18:00<\/a><\/li>\n<li><a href=\"#\">S\u00eemb\u0103t\u0103: 08:00 - 14:00<\/a><\/li>\n<li><a href=\"#\">Duminic\u0103: Zi de odihn\u0103<\/a><\/li>\n<\/ul><\/div>\n\t\t<\/aside><aside id=\"text-10\" class=\"widget widget_text\"><h3 class=\"widgettitle\">Contacte:<\/h3>\t\t\t<div class=\"textwidget\"><ul>\n<li><a href=\"#\">Registratura: 0254-2-33-89<\/a><\/li>\n<li><a href=\"#\">Secretariat: 0254-2-28-97<\/a><\/li>\n<\/ul><\/div>\n\t\t<\/aside><aside id=\"text-11\" class=\"widget widget_text\"><h3 class=\"widgettitle\">Adresa:<\/h3>\t\t\t<div class=\"textwidget\"><ul>\n<li><a href=\"#\">Or. Rezina, str. \u0218ciusev 5, MD-5402<\/a><\/li>\n<li><a href=\"#\">Email: cs.rezina@ms.md<\/a><\/li>\n<\/ul><\/div>\n\t\t<\/aside><aside id=\"block-7\" class=\"widget widget_block\">\n<ul class=\"wp-block-list\">\n<li><\/li>\n<\/ul>\n<\/aside><aside id=\"block-10\" class=\"widget widget_block\">\n<ul class=\"wp-block-list\">\n<li><\/li>\n<\/ul>\n<\/aside><div class=\"cl\"><\/div>\n<\/div>\n<\/div>\n<\/div>\n<\/div>\n<\/div>\n<\/div>\n<\/div>\n\n","protected":false},"excerpt":{"rendered":"","protected":false},"author":1,"featured_media":0,"parent":2350,"menu_order":0,"comment_status":"closed","ping_status":"closed","template":"","meta":{"_mc_calendar":[],"footnotes":""},"class_list":["post-2297","page","type-page","status-publish","hentry"],"_links":{"self":[{"href":"https:\/\/csrezina.md\/index.php\/wp-json\/wp\/v2\/pages\/2297","targetHints":{"allow":["GET"]}}],"collection":[{"href":"https:\/\/csrezina.md\/index.php\/wp-json\/wp\/v2\/pages"}],"about":[{"href":"https:\/\/csrezina.md\/index.php\/wp-json\/wp\/v2\/types\/page"}],"author":[{"embeddable":true,"href":"https:\/\/csrezina.md\/index.php\/wp-json\/wp\/v2\/users\/1"}],"replies":[{"embeddable":true,"href":"https:\/\/csrezina.md\/index.php\/wp-json\/wp\/v2\/comments?post=2297"}],"version-history":[{"count":31,"href":"https:\/\/csrezina.md\/index.php\/wp-json\/wp\/v2\/pages\/2297\/revisions"}],"predecessor-version":[{"id":4381,"href":"https:\/\/csrezina.md\/index.php\/wp-json\/wp\/v2\/pages\/2297\/revisions\/4381"}],"up":[{"embeddable":true,"href":"https:\/\/csrezina.md\/index.php\/wp-json\/wp\/v2\/pages\/2350"}],"wp:attachment":[{"href":"https:\/\/csrezina.md\/index.php\/wp-json\/wp\/v2\/media?parent=2297"}],"curies":[{"name":"wp","href":"https:\/\/api.w.org\/{rel}","templated":true}]}}