{"id":2350,"date":"2014-07-22T10:59:34","date_gmt":"2014-07-22T10:59:34","guid":{"rendered":"http:\/\/eco-nature.cmsmasters.net\/?page_id=2350"},"modified":"2025-05-02T06:19:49","modified_gmt":"2025-05-02T06:19:49","slug":"transparenta","status":"publish","type":"page","link":"https:\/\/csrezina.md\/index.php\/transparenta\/","title":{"rendered":"Transparen\u021b\u0103"},"content":{"rendered":"<style type=\"text\/css\"> \n#cmsms_row_69e3028216aa5 .cmsms_row_outer_parent { \n\tpadding-top: 50px; \n} \n\n#cmsms_row_69e3028216aa5 .cmsms_row_outer_parent { \n\tpadding-bottom: 0px; \n} \n\n \n#cmsms_heading_69e3028216ef1, #cmsms_heading_69e3028216ef1 a { \n\tfont-size:24px; \n\ttext-align:center; \n\tfont-weight:400; \n\tfont-style:normal; \n\tmargin-top:0px; \n\tmargin-bottom:20px; \n} \n \n#cmsms_row_69e3028216f60 .cmsms_row_outer_parent { \n\tpadding-top: 0px; \n} \n\n#cmsms_row_69e3028216f60 .cmsms_row_outer_parent { \n\tpadding-bottom: 0px; \n} \n\n \n#cmsms_divider_69e302821703f { \n\tpadding-top:50px; \n\tmargin-bottom:40px; \n} \n \n#cmsms_row_69e302821705e { \n\tbackground-color: #ffffff; \n} \n\n#cmsms_row_69e302821705e .cmsms_row_outer_parent { \n\tpadding-top: 0px; \n} \n\n#cmsms_row_69e302821705e .cmsms_row_outer_parent { \n\tpadding-bottom: 0px; \n} \n\n \n#cmsms_heading_69e3028217112, #cmsms_heading_69e3028217112 a { \n\tfont-size:24px; \n\ttext-align:center; \n\tfont-weight:400; \n\tfont-style:normal; \n\tmargin-top:20px; \n\tmargin-bottom:60px; \n} \n \n#cmsms_row_69e302821713d { \n\tbackground-color: #ffffff; \n} \n\n#cmsms_row_69e302821713d .cmsms_row_outer_parent { \n\tpadding-top: 0px; \n} \n\n#cmsms_row_69e302821713d .cmsms_row_outer_parent { \n\tpadding-bottom: 50px; \n} \n\n  \n#cmsms_row_69e302821729c { \n\tbackground-image: url(https:\/\/csrezina.md\/wp-content\/uploads\/2014\/07\/bg-prlx-big-2.jpg); \n\tbackground-position: top center; \n\tbackground-repeat: repeat-y; \n\tbackground-attachment: scroll; \n\tbackground-size: cover; \n} \n\n#cmsms_row_69e302821729c .cmsms_row_outer_parent { \n\tpadding-top: 40px; \n} \n\n#cmsms_row_69e302821729c .cmsms_row_outer_parent { \n\tpadding-bottom: 20px; \n} \n\n<\/style><div id=\"cmsms_row_69e3028216aa5\" class=\"cmsms_row cmsms_color_scheme_default\">\n<div class=\"cmsms_row_outer_parent\">\n<div class=\"cmsms_row_outer\">\n<div class=\"cmsms_row_inner\">\n<div class=\"cmsms_row_margin\">\n<div class=\"cmsms_column one_first\">\n<div class=\"aligncenter\">\n<div class=\"cmsms_img  cmsms_image_c\">\n<a href=\"https:\/\/csrezina.md\/wp-content\/uploads\/2025\/05\/ghiduleni.png\" rel=\"ilightbox\"><img decoding=\"async\" src=\"https:\/\/csrezina.md\/wp-content\/uploads\/2025\/05\/ghiduleni.png\" \/><\/a>\n<\/div>\n<\/div>\n<h1 id=\"cmsms_heading_69e3028216ef1\" class=\"cmsms_heading\">Planul provizoriu de achizi\u021bii ale bunurilor, serviciilor \u0219i lucr\u0103rilor al IMSP Centrul de S\u0103n\u0103tate Rezina pentru anul 2025<\/h1><div class=\"cmsms_text\">\n<ul>\n<li>\n<h2><span style=\"color: #ff0000;\"><strong><em><a style=\"color: #ff0000;\" href=\"https:\/\/csrezina.md\/wp-content\/uploads\/2025\/03\/Planul-provizoriu-de-achizitii351.pdf\" target=\"_blank\" rel=\"noopener\">\u00a0Planul provizoriu de achizi\u021bii<\/a><\/em><\/strong><\/span><\/h2>\n<\/li>\n<\/ul>\n<\/div>\n<\/div>\n<\/div>\n<\/div>\n<\/div>\n<\/div>\n<\/div>\n<div id=\"cmsms_row_69e3028216f60\" class=\"cmsms_row cmsms_color_scheme_default\">\n<div class=\"cmsms_row_outer_parent\">\n<div class=\"cmsms_row_outer\">\n<div class=\"cmsms_row_inner\">\n<div class=\"cmsms_row_margin\">\n<div class=\"cmsms_column one_first\">\n<div id=\"cmsms_divider_69e302821703f\" class=\"cmsms_divider solid\"><\/div>\n<\/div>\n<\/div>\n<\/div>\n<\/div>\n<\/div>\n<\/div>\n<div id=\"cmsms_row_69e302821705e\" class=\"cmsms_row cmsms_color_scheme_default\">\n<div class=\"cmsms_row_outer_parent\">\n<div class=\"cmsms_row_outer\">\n<div class=\"cmsms_row_inner\">\n<div class=\"cmsms_row_margin\">\n<div class=\"cmsms_column one_first\">\n<h1 id=\"cmsms_heading_69e3028217112\" class=\"cmsms_heading\">Organization<\/h1>\n<\/div>\n<\/div>\n<\/div>\n<\/div>\n<\/div>\n<\/div>\n<div id=\"cmsms_row_69e302821713d\" class=\"cmsms_row cmsms_color_scheme_first\">\n<div class=\"cmsms_row_outer_parent\">\n<div class=\"cmsms_row_outer\">\n<div class=\"cmsms_row_inner\">\n<div class=\"cmsms_row_margin\">\n<div class=\"cmsms_column one_first\">\n \n<div class=\"cmsms_stats stats_mode_counters stats_type_circles stats_noborder\"><div class=\"cmsms_stat_wrap one_fourth\">\n<div id=\"cmsms_stat_69e302821724f\" class=\"cmsms_stat\" data-percent=\"78\" data-bar-color=\"#57cbe1\">\n<div class=\"cmsms_stat_inner\">\n<span class=\"cmsms_stat_title\">Biosphere<\/span>\n<span class=\"cmsms_stat_counter_wrap\">\n<span class=\"cmsms_stat_counter\">0<\/span><span class=\"cmsms_stat_units\">%<\/span>\n<\/span>\n<\/div>\n<\/div>\n<\/div><div class=\"cmsms_stat_wrap one_fourth\">\n<div id=\"cmsms_stat_69e3028217261\" class=\"cmsms_stat\" data-percent=\"73\" data-bar-color=\"#62e0c1\">\n<div class=\"cmsms_stat_inner\">\n<span class=\"cmsms_stat_title\">Population<\/span>\n<span class=\"cmsms_stat_counter_wrap\">\n<span class=\"cmsms_stat_counter\">0<\/span><span class=\"cmsms_stat_units\">%<\/span>\n<\/span>\n<\/div>\n<\/div>\n<\/div><div class=\"cmsms_stat_wrap one_fourth\">\n<div id=\"cmsms_stat_69e3028217269\" class=\"cmsms_stat\" data-percent=\"92\" data-bar-color=\"#7fe092\">\n<div class=\"cmsms_stat_inner\">\n<span class=\"cmsms_stat_title\">Habitat<\/span>\n<span class=\"cmsms_stat_counter_wrap\">\n<span class=\"cmsms_stat_counter\">0<\/span><span class=\"cmsms_stat_units\">%<\/span>\n<\/span>\n<\/div>\n<\/div>\n<\/div><div class=\"cmsms_stat_wrap one_fourth\">\n<div id=\"cmsms_stat_69e3028217271\" class=\"cmsms_stat\" data-percent=\"88\" data-bar-color=\"#b7f275\">\n<div class=\"cmsms_stat_inner\">\n<span class=\"cmsms_stat_title\">Migration<\/span>\n<span class=\"cmsms_stat_counter_wrap\">\n<span class=\"cmsms_stat_counter\">0<\/span><span class=\"cmsms_stat_units\">%<\/span>\n<\/span>\n<\/div>\n<\/div>\n<\/div><\/div>\n<\/div>\n<\/div>\n<\/div>\n<\/div>\n<\/div>\n<\/div>\n<div id=\"cmsms_row_69e302821729c\" class=\"cmsms_row cmsms_color_scheme_first\" data-stellar-background-ratio=\"0.5\">\n<div class=\"cmsms_row_outer_parent\">\n<div class=\"cmsms_row_outer\">\n<div class=\"cmsms_row_inner\">\n<div class=\"cmsms_row_margin\">\n<div class=\"cmsms_column one_first\">\n<div class=\"cmsms_sidebar sidebar_layout_14141414\"><aside id=\"text-9\" class=\"widget widget_text\"><h3 class=\"widgettitle\">Program de lucru:<\/h3>\t\t\t<div class=\"textwidget\"><ul>\n<li><a href=\"#\">Luni - Vineri: 08:00 - 18:00<\/a><\/li>\n<li><a href=\"#\">S\u00eemb\u0103t\u0103: 08:00 - 14:00<\/a><\/li>\n<li><a href=\"#\">Duminic\u0103: Zi de odihn\u0103<\/a><\/li>\n<\/ul><\/div>\n\t\t<\/aside><aside id=\"text-10\" class=\"widget widget_text\"><h3 class=\"widgettitle\">Contacte:<\/h3>\t\t\t<div class=\"textwidget\"><ul>\n<li><a href=\"#\">Registratura: 0254-2-33-89<\/a><\/li>\n<li><a href=\"#\">Secretariat: 0254-2-28-97<\/a><\/li>\n<\/ul><\/div>\n\t\t<\/aside><aside id=\"text-11\" class=\"widget widget_text\"><h3 class=\"widgettitle\">Adresa:<\/h3>\t\t\t<div class=\"textwidget\"><ul>\n<li><a href=\"#\">Or. Rezina, str. \u0218ciusev 5, MD-5402<\/a><\/li>\n<li><a href=\"#\">Email: cs.rezina@ms.md<\/a><\/li>\n<\/ul><\/div>\n\t\t<\/aside><aside id=\"block-7\" class=\"widget widget_block\">\n<ul class=\"wp-block-list\">\n<li><\/li>\n<\/ul>\n<\/aside><aside id=\"block-10\" class=\"widget widget_block\">\n<ul class=\"wp-block-list\">\n<li><\/li>\n<\/ul>\n<\/aside><div class=\"cl\"><\/div>\n<\/div>\n<\/div>\n<\/div>\n<\/div>\n<\/div>\n<\/div>\n<\/div>\n\n","protected":false},"excerpt":{"rendered":"","protected":false},"author":1,"featured_media":0,"parent":0,"menu_order":0,"comment_status":"closed","ping_status":"closed","template":"","meta":{"_mc_calendar":[],"footnotes":""},"class_list":["post-2350","page","type-page","status-publish","hentry"],"_links":{"self":[{"href":"https:\/\/csrezina.md\/index.php\/wp-json\/wp\/v2\/pages\/2350","targetHints":{"allow":["GET"]}}],"collection":[{"href":"https:\/\/csrezina.md\/index.php\/wp-json\/wp\/v2\/pages"}],"about":[{"href":"https:\/\/csrezina.md\/index.php\/wp-json\/wp\/v2\/types\/page"}],"author":[{"embeddable":true,"href":"https:\/\/csrezina.md\/index.php\/wp-json\/wp\/v2\/users\/1"}],"replies":[{"embeddable":true,"href":"https:\/\/csrezina.md\/index.php\/wp-json\/wp\/v2\/comments?post=2350"}],"version-history":[{"count":11,"href":"https:\/\/csrezina.md\/index.php\/wp-json\/wp\/v2\/pages\/2350\/revisions"}],"predecessor-version":[{"id":4417,"href":"https:\/\/csrezina.md\/index.php\/wp-json\/wp\/v2\/pages\/2350\/revisions\/4417"}],"wp:attachment":[{"href":"https:\/\/csrezina.md\/index.php\/wp-json\/wp\/v2\/media?parent=2350"}],"curies":[{"name":"wp","href":"https:\/\/api.w.org\/{rel}","templated":true}]}}