{"id":2399,"date":"2014-07-22T12:32:56","date_gmt":"2014-07-22T12:32:56","guid":{"rendered":"http:\/\/eco-nature.cmsmasters.net\/?page_id=2399"},"modified":"2026-02-13T12:24:48","modified_gmt":"2026-02-13T12:24:48","slug":"resurse","status":"publish","type":"page","link":"https:\/\/csrezina.md\/index.php\/insitutia\/resurse\/","title":{"rendered":"Resurse Umane"},"content":{"rendered":"<style type=\"text\/css\"> \n#cmsms_row_69e2ee8b55fbe .cmsms_row_outer_parent { \n\tpadding-top: 50px; \n} \n\n#cmsms_row_69e2ee8b55fbe .cmsms_row_outer_parent { \n\tpadding-bottom: 0px; \n} \n\n\n#cmsms_button_69e2ee8b568e6 { \n\ttext-align:center; \n} \n\n#cmsms_button_69e2ee8b568e6 .cmsms_button:before { \n\tmargin-right:.5em; \n\tmargin-left:0; \n\tvertical-align:baseline; \n} \n\n#cmsms_button_69e2ee8b568e6 .cmsms_button { \n\tfont-family:'Headland One'; \n\tfont-weight:100; \n\tfont-style:normal; \n\tbackground-color:#6bcc61; \n\tcolor:#ffffff; \n} \n#cmsms_button_69e2ee8b568e6 .cmsms_button:hover { \n} \n\n#cmsms_button_69e2ee8b56910 { \n\ttext-align:center; \n} \n\n#cmsms_button_69e2ee8b56910 .cmsms_button:before { \n\tmargin-right:.5em; \n\tmargin-left:0; \n\tvertical-align:baseline; \n} \n\n#cmsms_button_69e2ee8b56910 .cmsms_button { \n\tfont-family:'Headland One'; \n\tfont-weight:100; \n\tfont-style:normal; \n\tpadding-right:20px; \n\tpadding-left:20px; \n\tbackground-color:#6bcc61; \n\tcolor:#ffffff; \n} \n#cmsms_button_69e2ee8b56910 .cmsms_button:hover { \n} \n\n#cmsms_button_69e2ee8b56929 { \n\ttext-align:center; \n} \n\n#cmsms_button_69e2ee8b56929 .cmsms_button:before { \n\tmargin-right:.5em; \n\tmargin-left:0; \n\tvertical-align:baseline; \n} \n\n#cmsms_button_69e2ee8b56929 .cmsms_button { \n\tfont-family:'Headland One'; \n\tfont-weight:100; \n\tfont-style:normal; \n\tpadding-right:20px; \n\tpadding-left:20px; \n\tbackground-color:#6bcc61; \n\tcolor:#ffffff; \n} \n#cmsms_button_69e2ee8b56929 .cmsms_button:hover { \n} \n\n#cmsms_button_69e2ee8b5693d { \n\ttext-align:center; \n} \n\n#cmsms_button_69e2ee8b5693d .cmsms_button:before { \n\tmargin-right:.5em; \n\tmargin-left:0; \n\tvertical-align:baseline; \n} \n\n#cmsms_button_69e2ee8b5693d .cmsms_button { \n\tfont-family:'Headland One'; \n\tfont-weight:100; \n\tfont-style:normal; \n\tpadding-right:20px; \n\tpadding-left:20px; \n\tbackground-color:#6bcc61; \n\tcolor:#ffffff; \n} \n#cmsms_button_69e2ee8b5693d .cmsms_button:hover { \n} \n\n#cmsms_button_69e2ee8b56950 { \n\ttext-align:center; \n} \n\n#cmsms_button_69e2ee8b56950 .cmsms_button:before { \n\tmargin-right:.5em; \n\tmargin-left:0; \n\tvertical-align:baseline; \n} \n\n#cmsms_button_69e2ee8b56950 .cmsms_button { \n\tfont-family:'Headland One'; \n\tfont-weight:100; \n\tfont-style:normal; \n\tpadding-right:20px; \n\tpadding-left:20px; \n\tbackground-color:#6bcc61; \n\tcolor:#ffffff; \n} \n#cmsms_button_69e2ee8b56950 .cmsms_button:hover { \n} \n\n#cmsms_button_69e2ee8b56962 { \n\ttext-align:center; \n} \n\n#cmsms_button_69e2ee8b56962 .cmsms_button:before { \n\tmargin-right:.5em; \n\tmargin-left:0; \n\tvertical-align:baseline; \n} \n\n#cmsms_button_69e2ee8b56962 .cmsms_button { \n\tfont-family:'Headland One'; \n\tfont-weight:100; \n\tfont-style:normal; \n\tpadding-right:20px; \n\tpadding-left:20px; \n\tbackground-color:#6bcc61; \n\tcolor:#ffffff; \n} \n#cmsms_button_69e2ee8b56962 .cmsms_button:hover { \n} \n \n#cmsms_row_69e2ee8b5699c .cmsms_row_outer_parent { \n\tpadding-top: 0px; \n} \n\n#cmsms_row_69e2ee8b5699c .cmsms_row_outer_parent { \n\tpadding-bottom: 0px; \n} \n\n \n#cmsms_divider_69e2ee8b56a4d { \n\tpadding-top:50px; \n\tmargin-bottom:40px; \n} \n \n#cmsms_row_69e2ee8b56a6c .cmsms_row_outer_parent { \n\tpadding-top: 0px; \n} \n\n#cmsms_row_69e2ee8b56a6c .cmsms_row_outer_parent { \n\tpadding-bottom: 50px; \n} \n\n \n#cmsms_row_69e2ee8b57023 .cmsms_row_outer_parent { \n\tpadding-top: 0px; \n} \n\n#cmsms_row_69e2ee8b57023 .cmsms_row_outer_parent { \n\tpadding-bottom: 50px; \n} \n\n\n#cmsms_button_69e2ee8b570cc { \n\ttext-align:center; \n} \n\n#cmsms_button_69e2ee8b570cc .cmsms_button:before { \n\tmargin-right:.5em; \n\tmargin-left:0; \n\tvertical-align:baseline; \n} \n\n#cmsms_button_69e2ee8b570cc .cmsms_button { \n\tfont-family:'Headland One'; \n\tfont-weight:100; \n\tfont-style:normal; \n\tpadding-right:20px; \n\tpadding-left:20px; \n\tbackground-color:#6bcc61; \n\tcolor:#ff6b6b; \n} \n#cmsms_button_69e2ee8b570cc .cmsms_button:hover { \n} \n \n#cmsms_row_69e2ee8b570f7 { \n\tbackground-color: #ffffff; \n} \n\n#cmsms_row_69e2ee8b570f7 .cmsms_row_outer_parent { \n\tpadding-top: 0px; \n} \n\n#cmsms_row_69e2ee8b570f7 .cmsms_row_outer_parent { \n\tpadding-bottom: 0px; \n} \n\n \n#cmsms_heading_69e2ee8b5719f, #cmsms_heading_69e2ee8b5719f a { \n\tfont-family:'Roboto'; \n\tfont-size:24px; \n\ttext-align:center; \n\tfont-weight:400; \n\tfont-style:normal; \n\tmargin-top:0px; \n\tmargin-bottom:60px; \n} \n \n#cmsms_row_69e2ee8b571c4 { \n\tbackground-color: #ffffff; \n} \n\n#cmsms_row_69e2ee8b571c4 .cmsms_row_outer_parent { \n\tpadding-top: 0px; \n} \n\n#cmsms_row_69e2ee8b571c4 .cmsms_row_outer_parent { \n\tpadding-bottom: 0px; \n} \n\n  \n#cmsms_row_69e2ee8b57312 .cmsms_row_outer_parent { \n\tpadding-top: 0px; \n} \n\n#cmsms_row_69e2ee8b57312 .cmsms_row_outer_parent { \n\tpadding-bottom: 0px; \n} \n\n \n#cmsms_divider_69e2ee8b57358 { \n\tpadding-top:40px; \n\tmargin-bottom:40px; \n} \n \n#cmsms_row_69e2ee8b57371 { \n\tbackground-color: #ffffff; \n} \n\n#cmsms_row_69e2ee8b57371 .cmsms_row_outer_parent { \n\tpadding-top: 0px; \n} \n\n#cmsms_row_69e2ee8b57371 .cmsms_row_outer_parent { \n\tpadding-bottom: 60px; \n} \n\n \n#cmsms_heading_69e2ee8b5747d, #cmsms_heading_69e2ee8b5747d a { \n\tfont-family:'Headland One'; \n\tfont-size:24px; \n\ttext-align:left; \n\tfont-weight:400; \n\tfont-style:normal; \n\tmargin-top:0px; \n\tmargin-bottom:40px; \n} \n \n#cmsms_tabs_list_item_69e2ee8b574fe a:hover,#cmsms_tabs_list_item_69e2ee8b574fe.current_tab a { \n\tbackground-color:#57cbe1; \n\tborder-color:#57cbe1; \n} \n\n#cmsms_tabs_list_item_69e2ee8b57532 a:hover,#cmsms_tabs_list_item_69e2ee8b57532.current_tab a { \n\tbackground-color:#62e0c1; \n\tborder-color:#62e0c1; \n} \n\n#cmsms_tabs_list_item_69e2ee8b57557 a:hover,#cmsms_tabs_list_item_69e2ee8b57557.current_tab a { \n\tbackground-color:#7fe092; \n\tborder-color:#7fe092; \n} \n \n#cmsms_row_69e2ee8b57613 { \n\tbackground-image: url(https:\/\/csrezina.md\/wp-content\/uploads\/2014\/07\/bg-prlx-big-2.jpg); \n\tbackground-position: top center; \n\tbackground-repeat: repeat-y; \n\tbackground-attachment: scroll; \n\tbackground-size: cover; \n} \n\n#cmsms_row_69e2ee8b57613 .cmsms_row_outer_parent { \n\tpadding-top: 40px; \n} \n\n#cmsms_row_69e2ee8b57613 .cmsms_row_outer_parent { \n\tpadding-bottom: 20px; \n} \n\n<\/style><div id=\"cmsms_row_69e2ee8b55fbe\" class=\"cmsms_row cmsms_color_scheme_default\">\n<div class=\"cmsms_row_outer_parent\">\n<div class=\"cmsms_row_outer\">\n<div class=\"cmsms_row_inner\">\n<div class=\"cmsms_row_margin\">\n<div class=\"cmsms_column one_third\">\n<div class=\"cmsms_img  cmsms_image_l\" data-animation=\"fadeInLeft\" data-delay=\"0\">\n<a href=\"https:\/\/csrezina.md\/wp-content\/uploads\/2024\/02\/umane-a349.jpg\"><img decoding=\"async\" src=\"https:\/\/csrezina.md\/wp-content\/uploads\/2024\/02\/umane-a349.jpg\" \/><\/a>\n<\/div>\n<\/div>\n<div class=\"cmsms_column two_third\">\n\n<div id=\"cmsms_button_69e2ee8b568e6\" class=\"button_wrap\"><a href=\"https:\/\/csrezina.md\/wp-content\/uploads\/2024\/02\/Regulament.pdf\" class=\"cmsms_button cmsms-icon-attach-6\" target=\"_blank\">REGULAMENT &#8211; al subdiviziunii resurse umane din IMSP CS Rezina<\/a><\/div>\n\n<div id=\"cmsms_button_69e2ee8b56910\" class=\"button_wrap\"><a href=\"https:\/\/csrezina.md\/wp-content\/uploads\/2024\/02\/REGULAMENTUL-intern-de-angajare-prin-concurs.pdf\" class=\"cmsms_button cmsms-icon-attach-6\" target=\"_blank\">REGULAMENTUL privind angajarea prin concurs a personalului medical din sistemul s\u0103n\u0103t\u0103\u0163ii pe IMSP CS Rezina<\/a><\/div>\n\n<div id=\"cmsms_button_69e2ee8b56929\" class=\"button_wrap\"><a href=\"https:\/\/csrezina.md\/wp-content\/uploads\/2024\/02\/acte-normative-din-domeniul-muncii.pdf\" class=\"cmsms_button cmsms-icon-attach-6\" target=\"_blank\">Acte normative din domeniul muncii<\/a><\/div>\n\n<div id=\"cmsms_button_69e2ee8b5693d\" class=\"button_wrap\"><a href=\"https:\/\/csrezina.md\/wp-content\/uploads\/2024\/02\/Serviciul-personal.pdf\" class=\"cmsms_button cmsms-icon-attach-6\" target=\"_blank\">Serviciul personal<\/a><\/div>\n\n<div id=\"cmsms_button_69e2ee8b56950\" class=\"button_wrap\"><a href=\"https:\/\/csrezina.md\/wp-content\/uploads\/2024\/02\/CLASIFICATORUL-OCUPATIILOR.pdf\" class=\"cmsms_button cmsms-icon-attach-6\" target=\"_blank\">Clasificatorul ocupa\u021biilor<\/a><\/div>\n\n<div id=\"cmsms_button_69e2ee8b56962\" class=\"button_wrap\"><a href=\"https:\/\/csrezina.md\/wp-content\/uploads\/2025\/11\/ORDIN-Cu-privire-la-acordarea-compensatiei-pentru-cheltuielile-de-trasnport.pdf\" class=\"cmsms_button cmsms-icon-attach-6\" target=\"_blank\">ORDIN &#8211; Cu privire la acordarea compensa\u021biei pentru cheltuielile de trasnport_IMSP CS Rezina<\/a><\/div>\n<\/div>\n<\/div>\n<\/div>\n<\/div>\n<\/div>\n<\/div>\n<div id=\"cmsms_row_69e2ee8b5699c\" class=\"cmsms_row cmsms_color_scheme_default\">\n<div class=\"cmsms_row_outer_parent\">\n<div class=\"cmsms_row_outer\">\n<div class=\"cmsms_row_inner\">\n<div class=\"cmsms_row_margin\">\n<div class=\"cmsms_column one_first\">\n<div id=\"cmsms_divider_69e2ee8b56a4d\" class=\"cmsms_divider solid\"><\/div>\n<\/div>\n<\/div>\n<\/div>\n<\/div>\n<\/div>\n<\/div>\n<div id=\"cmsms_row_69e2ee8b56a6c\" class=\"cmsms_row cmsms_color_scheme_default\">\n<div class=\"cmsms_row_outer_parent\">\n<div class=\"cmsms_row_outer\">\n<div class=\"cmsms_row_inner\">\n<div class=\"cmsms_row_margin\">\n<div class=\"cmsms_column one_first\">\n<div class=\"aligncenter\">\n<div class=\"cmsms_img  cmsms_image_c\">\n<a href=\"https:\/\/csrezina.md\/wp-content\/uploads\/2026\/02\/1674674947_grizly-club-p-klipart-strelka-vniz-3.jpg\"><img decoding=\"async\" src=\"https:\/\/csrezina.md\/wp-content\/uploads\/2026\/02\/1674674947_grizly-club-p-klipart-strelka-vniz-3-150x150.jpg\" \/><\/a>\n<\/div>\n<\/div>\n<\/div>\n<\/div>\n<\/div>\n<\/div>\n<\/div>\n<\/div>\n<div id=\"cmsms_row_69e2ee8b57023\" class=\"cmsms_row cmsms_color_scheme_default\">\n<div class=\"cmsms_row_outer_parent\">\n<div class=\"cmsms_row_outer\">\n<div class=\"cmsms_row_inner\">\n<div class=\"cmsms_row_margin\">\n<div class=\"cmsms_column one_first\">\n\n<div id=\"cmsms_button_69e2ee8b570cc\" class=\"button_wrap\"><a href=\"https:\/\/csrezina.md\/wp-content\/uploads\/2026\/02\/Anunt-de-angajare.pdf\" class=\"cmsms_button\" target=\"_blank\">ANUN\u021a DE ANGAJARE<\/a><\/div>\n<\/div>\n<\/div>\n<\/div>\n<\/div>\n<\/div>\n<\/div>\n<div id=\"cmsms_row_69e2ee8b570f7\" class=\"cmsms_row cmsms_color_scheme_default\">\n<div class=\"cmsms_row_outer_parent\">\n<div class=\"cmsms_row_outer\">\n<div class=\"cmsms_row_inner\">\n<div class=\"cmsms_row_margin\">\n<div class=\"cmsms_column one_first\">\n<h1 id=\"cmsms_heading_69e2ee8b5719f\" class=\"cmsms_heading\">V\u00eersta angaja\u021bilor<\/h1>\n<\/div>\n<\/div>\n<\/div>\n<\/div>\n<\/div>\n<\/div>\n<div id=\"cmsms_row_69e2ee8b571c4\" class=\"cmsms_row cmsms_color_scheme_first\">\n<div class=\"cmsms_row_outer_parent\">\n<div class=\"cmsms_row_outer\">\n<div class=\"cmsms_row_inner\">\n<div class=\"cmsms_row_margin\">\n<div class=\"cmsms_column one_first\">\n \n<div class=\"cmsms_stats stats_mode_counters stats_type_circles stats_noborder\"><div class=\"cmsms_stat_wrap one_fourth\">\n<div id=\"cmsms_stat_69e2ee8b572af\" class=\"cmsms_stat\" data-percent=\"17\" data-bar-color=\"#57cbe1\">\n<div class=\"cmsms_stat_inner\">\n<span class=\"cmsms_stat_title\">P\u00een\u0103 la 34 ani<\/span>\n<span class=\"cmsms_stat_counter_wrap\">\n<span class=\"cmsms_stat_counter\">0<\/span><span class=\"cmsms_stat_units\">%<\/span>\n<\/span>\n<\/div>\n<\/div>\n<\/div><div class=\"cmsms_stat_wrap one_fourth\">\n<div id=\"cmsms_stat_69e2ee8b572cf\" class=\"cmsms_stat\" data-percent=\"13\" data-bar-color=\"#62e0c1\">\n<div class=\"cmsms_stat_inner\">\n<span class=\"cmsms_stat_title\">35 &#8211; 44 ani<\/span>\n<span class=\"cmsms_stat_counter_wrap\">\n<span class=\"cmsms_stat_counter\">0<\/span><span class=\"cmsms_stat_units\">%<\/span>\n<\/span>\n<\/div>\n<\/div>\n<\/div><div class=\"cmsms_stat_wrap one_fourth\">\n<div id=\"cmsms_stat_69e2ee8b572da\" class=\"cmsms_stat\" data-percent=\"25\" data-bar-color=\"#7fe092\">\n<div class=\"cmsms_stat_inner\">\n<span class=\"cmsms_stat_title\">45 &#8211; 54 ani<\/span>\n<span class=\"cmsms_stat_counter_wrap\">\n<span class=\"cmsms_stat_counter\">0<\/span><span class=\"cmsms_stat_units\">%<\/span>\n<\/span>\n<\/div>\n<\/div>\n<\/div><div class=\"cmsms_stat_wrap one_fourth\">\n<div id=\"cmsms_stat_69e2ee8b572e1\" class=\"cmsms_stat\" data-percent=\"33\" data-bar-color=\"#b7f275\">\n<div class=\"cmsms_stat_inner\">\n<span class=\"cmsms_stat_title\">55 &#8211; 64 ani<\/span>\n<span class=\"cmsms_stat_counter_wrap\">\n<span class=\"cmsms_stat_counter\">0<\/span><span class=\"cmsms_stat_units\">%<\/span>\n<\/span>\n<\/div>\n<\/div>\n<\/div><div class=\"cmsms_stat_wrap one_fourth\">\n<div id=\"cmsms_stat_69e2ee8b572e8\" class=\"cmsms_stat\" data-percent=\"12\" data-bar-color=\"#aed957\">\n<div class=\"cmsms_stat_inner\">\n<span class=\"cmsms_stat_title\">65 ani \u0219i<\/span>\n<span class=\"cmsms_stat_counter_wrap\">\n<span class=\"cmsms_stat_counter\">0<\/span><span class=\"cmsms_stat_units\">%<\/span>\n<\/span>\n<\/div>\n<\/div>\n<\/div><\/div>\n<\/div>\n<\/div>\n<\/div>\n<\/div>\n<\/div>\n<\/div>\n<div id=\"cmsms_row_69e2ee8b57312\" class=\"cmsms_row cmsms_color_scheme_default\">\n<div class=\"cmsms_row_outer_parent\">\n<div class=\"cmsms_row_outer\">\n<div class=\"cmsms_row_inner\">\n<div class=\"cmsms_row_margin\">\n<div class=\"cmsms_column one_first\">\n<div id=\"cmsms_divider_69e2ee8b57358\" class=\"cmsms_divider solid\"><\/div>\n<\/div>\n<\/div>\n<\/div>\n<\/div>\n<\/div>\n<\/div>\n<div id=\"cmsms_row_69e2ee8b57371\" class=\"cmsms_row cmsms_color_scheme_default\">\n<div class=\"cmsms_row_outer_parent\">\n<div class=\"cmsms_row_outer\">\n<div class=\"cmsms_row_inner\">\n<div class=\"cmsms_row_margin\">\n<div class=\"cmsms_column one_first\">\n<h1 id=\"cmsms_heading_69e2ee8b5747d\" class=\"cmsms_heading\">Pilonii cheie ai managementului<\/h1> \n<div class=\"cmsms_tabs tabs_mode_tour tabs_pos_left\">\n<ul class=\"cmsms_tabs_list\">\n<li id=\"cmsms_tabs_list_item_69e2ee8b574fe\" class=\"cmsms_tabs_list_item current_tab\">\n<a href=\"#\">\n<span>Fi\u021bi aten\u021bi, la cel care vorbe\u0219te<\/span>\n<\/a>\n<\/li><li id=\"cmsms_tabs_list_item_69e2ee8b57532\" class=\"cmsms_tabs_list_item\">\n<a href=\"#\">\n<span>Men\u021bine un limbaj corporal bun<\/span>\n<\/a>\n<\/li><li id=\"cmsms_tabs_list_item_69e2ee8b57557\" class=\"cmsms_tabs_list_item\">\n<a href=\"#\">\n<span>R\u0103m\u00e2i angajat<\/span>\n<\/a>\n<\/li><li id=\"cmsms_tabs_list_item_69e2ee8b5757f\" class=\"cmsms_tabs_list_item\">\n<a href=\"#\">\n<span>Cere\u021bi feedback<\/span>\n<\/a>\n<\/li><li id=\"cmsms_tabs_list_item_69e2ee8b575a5\" class=\"cmsms_tabs_list_item\">\n<a href=\"#\">\n<span>Nu judeca \u0219i nu \u00eentrerupe cealalt\u0103 persoan\u0103<\/span>\n<\/a>\n<\/li><li id=\"cmsms_tabs_list_item_69e2ee8b575c3\" class=\"cmsms_tabs_list_item\">\n<a href=\"#\">\n<span>R\u0103spunde \u00een consecin\u021b\u0103<\/span>\n<\/a>\n<\/li><\/ul>\n<div class=\"cmsms_tabs_wrap\">\n<div id=\"cmsms_tab_69e2ee8b574fe\" class=\"cmsms_tab active_tab\">\n<div class=\"cmsms_tab_inner\">\n<h2><span style=\"color: #ff6600;\"><em>\u00a0 \u00a0 Concentra\u021bi-v\u0103 la mesajul comunicat \u0219i l\u0103sa\u021bi-v\u0103 deoparte g\u00e2ndurile care v\u0103 distrag aten\u021bia. Dac\u0103 sunte\u021bi la birou, \u00eentoarce\u021bi-v\u0103 de la monitor spre vorbitor \u0219i nu v\u0103 verifica\u021bi e-mailul dac\u0103 primi\u021bi o notificare.<\/em><\/span><\/h2>\n<\/div>\n<\/div><div id=\"cmsms_tab_69e2ee8b57532\" class=\"cmsms_tab\">\n<div class=\"cmsms_tab_inner\">\n<h2><span style=\"color: #339966;\"><em>\u00a0 \u00a0 Statisticile spun c\u0103 7% din mesaj este verbal, iar restul reprezint\u0103 comunicare non-verbal\u0103. <span id=\"OBJ_PREFIX_DWT45_com_zimbra_date\" class=\"Object\" role=\"link\">Mai\u00a0<\/span>mult dec\u00e2t at\u00e2t, limbajul corect al corpului \u00eentr-o conversa\u021bie aduce energie \u0219i vibra\u021bie suplimentar\u0103 conversa\u021biei.<\/em><\/span><\/h2>\n<\/div>\n<\/div><div id=\"cmsms_tab_69e2ee8b57557\" class=\"cmsms_tab\">\n<div class=\"cmsms_tab_inner\">\n<h2><span style=\"color: #ff00ff;\"><em>\u00a0 \u00a0 P\u0103streaz\u0103-\u021bi postura deschis\u0103 \u0219i \u00eencurajeaz\u0103-l pe comunicator s\u0103 continue spun\u00e2nd comentarii de genul da, \u00een\u021beleg, aha. Iar dac\u0103 ai telefonul \u00een fa\u021b\u0103, pune-l deoparte sau dezactiveaz\u0103 notific\u0103rile. Aminti\u021bi-v\u0103 c\u0103 un bun contact vizual arat\u0103 c\u0103 sunte\u021bi \u00eencrez\u0103tor \u0219i concentrat pe cuvintele celeilalte persoane.<\/em><\/span><\/h2>\n<\/div>\n<\/div><div id=\"cmsms_tab_69e2ee8b5757f\" class=\"cmsms_tab\">\n<div class=\"cmsms_tab_inner\">\n<h2><span style=\"color: #00ccff;\"><em>\u00a0 \u00a0 Cere\u021bi feedback atunci c\u00e2nd nu \u00een\u021belege\u021bi o anumit\u0103 propozi\u021bie sau cuv\u00e2nt. \u00centreb\u0103ri precum: \u201eCe vrei s\u0103 spui prin\u201d sau \u201eDac\u0103 \u00een\u021beleg bine&#8230;\u201d<\/em><\/span><\/h2>\n<\/div>\n<\/div><div id=\"cmsms_tab_69e2ee8b575a5\" class=\"cmsms_tab\">\n<div class=\"cmsms_tab_inner\">\n<h2><span style=\"color: #808000;\"><em>Permite\u021bi vorbitorului s\u0103-\u0219i termine argumentele.<\/em><\/span><\/h2>\n<\/div>\n<\/div><div id=\"cmsms_tab_69e2ee8b575c3\" class=\"cmsms_tab\">\n<div class=\"cmsms_tab_inner\">\n<h2><span style=\"color: #333399;\"><em>\u00a0 \u00a0 Fii deschis, calm \u0219i respectuos. Trateaz\u0103-l pe vorbitor a\u0219a cum ai vrea s\u0103 fii tratat. Dac\u0103 reac\u021bionezi pe moment, ar\u0103\u021bi c\u0103 e\u0219ti pe deplin prezent \u0219i \u00ee\u021bi pas\u0103 de conversa\u021bie. Iar c\u00e2nd primi\u021bi o sarcin\u0103 de f\u0103cut, aminti\u021bi-v\u0103 s\u0103 face\u021bi ce a\u021bi promis.<\/em><\/span><\/h2>\n<\/div>\n<\/div><\/div>\n<\/div>\n<\/div>\n<\/div>\n<\/div>\n<\/div>\n<\/div>\n<\/div>\n<div id=\"cmsms_row_69e2ee8b57613\" class=\"cmsms_row cmsms_color_scheme_first\" data-stellar-background-ratio=\"0.5\">\n<div class=\"cmsms_row_outer_parent\">\n<div class=\"cmsms_row_outer\">\n<div class=\"cmsms_row_inner\">\n<div class=\"cmsms_row_margin\">\n<div class=\"cmsms_column one_first\">\n<div class=\"cmsms_sidebar sidebar_layout_14141414\"><aside id=\"text-9\" class=\"widget widget_text\"><h3 class=\"widgettitle\">Program de lucru:<\/h3>\t\t\t<div class=\"textwidget\"><ul>\n<li><a href=\"#\">Luni - Vineri: 08:00 - 18:00<\/a><\/li>\n<li><a href=\"#\">S\u00eemb\u0103t\u0103: 08:00 - 14:00<\/a><\/li>\n<li><a href=\"#\">Duminic\u0103: Zi de odihn\u0103<\/a><\/li>\n<\/ul><\/div>\n\t\t<\/aside><aside id=\"text-10\" class=\"widget widget_text\"><h3 class=\"widgettitle\">Contacte:<\/h3>\t\t\t<div class=\"textwidget\"><ul>\n<li><a href=\"#\">Registratura: 0254-2-33-89<\/a><\/li>\n<li><a href=\"#\">Secretariat: 0254-2-28-97<\/a><\/li>\n<\/ul><\/div>\n\t\t<\/aside><aside id=\"text-11\" class=\"widget widget_text\"><h3 class=\"widgettitle\">Adresa:<\/h3>\t\t\t<div class=\"textwidget\"><ul>\n<li><a href=\"#\">Or. Rezina, str. \u0218ciusev 5, MD-5402<\/a><\/li>\n<li><a href=\"#\">Email: cs.rezina@ms.md<\/a><\/li>\n<\/ul><\/div>\n\t\t<\/aside><aside id=\"block-7\" class=\"widget widget_block\">\n<ul class=\"wp-block-list\">\n<li><\/li>\n<\/ul>\n<\/aside><aside id=\"block-10\" class=\"widget widget_block\">\n<ul class=\"wp-block-list\">\n<li><\/li>\n<\/ul>\n<\/aside><div class=\"cl\"><\/div>\n<\/div>\n<\/div>\n<\/div>\n<\/div>\n<\/div>\n<\/div>\n<\/div>\n\n","protected":false},"excerpt":{"rendered":"","protected":false},"author":1,"featured_media":0,"parent":2418,"menu_order":0,"comment_status":"closed","ping_status":"closed","template":"","meta":{"_mc_calendar":[],"footnotes":""},"class_list":["post-2399","page","type-page","status-publish","hentry"],"_links":{"self":[{"href":"https:\/\/csrezina.md\/index.php\/wp-json\/wp\/v2\/pages\/2399","targetHints":{"allow":["GET"]}}],"collection":[{"href":"https:\/\/csrezina.md\/index.php\/wp-json\/wp\/v2\/pages"}],"about":[{"href":"https:\/\/csrezina.md\/index.php\/wp-json\/wp\/v2\/types\/page"}],"author":[{"embeddable":true,"href":"https:\/\/csrezina.md\/index.php\/wp-json\/wp\/v2\/users\/1"}],"replies":[{"embeddable":true,"href":"https:\/\/csrezina.md\/index.php\/wp-json\/wp\/v2\/comments?post=2399"}],"version-history":[{"count":52,"href":"https:\/\/csrezina.md\/index.php\/wp-json\/wp\/v2\/pages\/2399\/revisions"}],"predecessor-version":[{"id":4481,"href":"https:\/\/csrezina.md\/index.php\/wp-json\/wp\/v2\/pages\/2399\/revisions\/4481"}],"up":[{"embeddable":true,"href":"https:\/\/csrezina.md\/index.php\/wp-json\/wp\/v2\/pages\/2418"}],"wp:attachment":[{"href":"https:\/\/csrezina.md\/index.php\/wp-json\/wp\/v2\/media?parent=2399"}],"curies":[{"name":"wp","href":"https:\/\/api.w.org\/{rel}","templated":true}]}}